581?
80
Calculate the remainder when 4835561 is divided by 134321.
5
What is the remainder when 7087311 is divided by 330?
231
Calculate the remainder when 2679886 is divided by 893142.
460
What is the remainder when 14573 is divided by 6932?
709
What is the remainder when 297536 is divided by 1730?
1706
Calculate the remainder when 27366897 is divided by 22.
19
What is the remainder when 14431909 is divided by 2308?
2293
What is the remainder when 598937 is divided by 240?
137
Calculate the remainder when 507682 is divided by 169140.
262
What is the remainder when 24898257 is divided by 59?
21
What is the remainder when 927342 is divided by 107?
80
What is the remainder when 664191 is divided by 664188?
3
Calculate the remainder when 83392552 is divided by 89.
86
What is the remainder when 96536 is divided by 10650?
686
Calculate the remainder when 146399 is divided by 10935.
4244
What is the remainder when 800923 is divided by 47078?
597
Calculate the remainder when 204113 is divided by 66.
41
Calculate the remainder when 33464185 is divided by 3850.
3835
Calculate the remainder when 695978984 is divided by 276.
272
Calculate the remainder when 1205923 is divided by 2882.
1247
What is the remainder when 7883037 is divided by 875891?
18
What is the remainder when 1979115 is divided by 32985?
15
What is the remainder when 80682 is divided by 461?
7
What is the remainder when 1362278 is divided by 3168?
38
Calculate the remainder when 235136 is divided by 364.
356
Calculate the remainder when 2266967 is divided by 150.
17
What is the remainder when 11491 is divided by 917?
487
What is the remainder when 187447099 is divided by 25991?
7
What is the remainder when 92382994 is divided by 952402?
0
What is the remainder when 17544886 is divided by 273?
268
What is the remainder when 1349928 is divided by 28123?
24
Calculate the remainder when 420702 is divided by 84131.
47
What is the remainder when 568075515 is divided by 5886?
5883
Calculate the remainder when 64038 is divided by 997.
230
What is the remainder when 822923 is divided by 758?
493
What is the remainder when 15036838 is divided by 1768?
1766
What is the remainder when 3968714 is divided by 203?
64
What is the remainder when 394219 is divided by 55?
34
Calculate the remainder when 17347 is divided by 20.
7
What is the remainder when 16897153 is divided by 272?
241
Calculate the remainder when 1024729 is divided by 3.
1
What is the remainder when 719508 is divided by 567?
552
Calculate the remainder when 2096808 is divided by 2096776.
32
Calculate the remainder when 529949 is divided by 1034.
541
What is the remainder when 11253175 is divided by 685?
680
Calculate the remainder when 2233001 is divided by 5193.
11
What is the remainder when 7380163 is divided by 296?
291
What is the remainder when 29234439 is divided by 148?
147
Calculate the remainder when 235275 is divided by 116358.
2559
Calculate the remainder when 292109 is divided by 146.
109
What is the remainder when 52707 is divided by 4561?
2536
What is the remainder when 144345 is divided by 2323?
319
Calculate the remainder when 176629319 is divided by 760.
759
What is the remainder when 4353917 is divided by 117?
113
What is the remainder when 2889924 is divided by 321102?
6
What is the remainder when 1220281 is divided by 12845?
6
Calculate the remainder when 17588 is divided by 2850.
488
Calculate the remainder when 176463549 is divided by 32.
29
Calculate the remainder when 189027 is divided by 334.
317
Calculate the remainder when 3573462 is divided by 1191130.
72
Calculate the remainder when 58886 is divided by 655.
591
What is the remainder when 24223 is divided by 3464?
3439
Calculate the remainder when 315494 is divided by 313881.
1613
Calculate the remainder when 126983 is divided by 1427.
1407
Calculate the remainder when 2193702 is divided by 2020.
2002
What is the remainder when 2119861 is divided by 86?
47
What is the remainder when 461888 is divided by 745?
733
What is the remainder when 3360960 is divided by 1120305?
45
What is the remainder when 9253 is divided by 359?
278
What is the remainder when 119589537 is divided by 7568?
1
What is the remainder when 58181516 is divided by 71?
69
What is the remainder when 463949 is divided by 153759?
2672
Calculate the remainder when 93734 is divided by 3366.
2852
What is the remainder when 1278249 is divided by 191?
77
Calculate the remainder when 24009 is divided by 23931.
78
What is the remainder when 112464 is divided by 55505?
1454
Calculate the remainder when 14820637 is divided by 14.
13
Calculate the remainder when 5670275 is divided by 5864.
5651
What is the remainder when 121119984 is divided by 15139997?
8
What is the remainder when 4240723 is divided by 5809?
153
Calculate the remainder when 12681642 is divided by 144.
138
What is the remainder when 116347780 is divided by 15?
10
What is the remainder when 1020947 is divided by 68055?
122
Calculate the remainder when 147444415 is divided by 16.
15
Calculate the remainder when 269408866 is divided by 2263940.
6
Calculate the remainder when 182525 is divided by 26002.
511
What is the remainder when 129529 is divided by 344?
185
Calculate the remainder when 5223398 is divided by 6562.
46
What is the remainder when 78690 is divided by 6004?
638
Calculate the remainder when 450441 is divided by 135.
81
What is the remainder when 97156 is divided by 24250?
156
What is the remainder when 1245821 is divided by 3586?
1479
Calculate the remainder when 11738797 is divided by 1113.
1099
Calculate the remainder when 57492785 is divided by 374.
9
What is the remainder when 177458527 is divided by 17745851?
17
Calculate the remainder when 17631239 is divided by 407.
406
Calculate the remainder when 2456311 is divided by 42350.
11
Calculate the remainder when 93283 is divided by 46297.
689
What is the remainder when 385404 is divided by 192662?
80
Calculate the remainder when 11245119 is divided by 41.
8
What is the remainder when 641622 is divided by 489?
54
Calculate the remainder when 588949 is divided by 518.
501
What is the remainder when 58462745 is divided by 37?
7
Calculate the remainder when 273992 is divided by 634.
104
What is the remainder when 5861058 is divided by 1953681?
15
What is the remainder when 992617 is divided by 26?
15
Calculate the remainder when 2588 is divided by 112.
12
What is the remainder when 361889781 is divided by 3372?
3369
Calculate the remainder when 162848 is divided by 32512.
288
What is the remainder when 93643 is divided by 604?
23
What is the remainder when 100603294 is divided by 17?
14
Calculate the remainder when 620922 is divided by 78.
42
Calculate the remainder when 853014 is divided by 6232.
5462
Calculate the remainder when 387458 is divided by 2189.
5
Calculate the remainder when 371366 is divided by 16146.
8
Calculate the remainder when 14925537 is divided by 785553.
30
What is the remainder when 1977815 is divided by 371?
14
Calculate the remainder when 94020206 is divided by 1395.
1391
What is the remainder when 10669522 is divided by 2637?
220
Calculate the remainder when 95813 is divided by 7015.
4618
Calculate the remainder when 6922 is divided by 3320.
282
What is the remainder when 507709 is divided by 84?
13
Calculate the remainder when 289765 is divided by 36.
1
Calculate the remainder when 296239 is divided by 6580.
139
What is the remainder when 24028 is divided by 24014?
14
What is the remainder when 349996051 is divided by 809?
808
What is the remainder when 12480525 is divided by 118?
19
Calculate the remainder when 171629 is divided by 42667.
961
What is the remainder when 977727 is divided by 22722?
681
What is the remainder when 1235704 is divided by 1262?
206
What is the remainder when 21572285 is divided by 224711?
29
What is the remainder when 20932707 is divided by 80?
67
What is the remainder when 22213878 is divided by 260?
258
Calculate the remainder when 59099 is divided by 56367.
2732
What is the remainder when 72782 is divided by 4021?
404
What is the remainder when 8129593 is divided by 33318?
1
Calculate the remainder when 11701409 is divided by 32.
1
What is the remainder when 228962 is divided by 113790?
1382
What is the remainder wh